 24 = -3*r - h*c, -r - 13 = 4*c + 4. Determine j(r).
14
Let b(p) be the first derivative of p**3/3 - p**2/2 - 2*p + 4. Let x be (-7 - -1)/(6/(-4)). Suppose -x*r = -0*r. Calculate b(r).
-2
Let v(o) = 0*o**3 + 0 - 1 - o**3. Let g(k) = -2*k + k + 7*k**3 + 4 + 5*k**2 + 3*k. Let t(r) = -g(r) - 6*v(r). What is t(-2)?
-6
Suppose 0 = -0*t + 3*t - 6. Let o(w) = -1 - 2*w**3 + t*w**2 + 5*w**3 - 2*w**3. Suppose 2*n - 2*v = -0*v, 3*n = -4*v - 7. Calculate o(n).
0
Let b(h) be the second derivative of 4*h**3/3 - h**2/2 - 2*h. Let j be (-4)/(3 + 25/(-9)). Let y be (1/(-3))/(6/j). Give b(y).
7
Let n(s) = 6*s - 9. Let j(m) = -m + 1. Let d(y) = -9*j(y) - n(y). Calculate d(-1).
-3
Let c(w) be the second derivative of -w**3/6 + 11*w**2/2 - 2*w. Suppose 0 = -23*r + 26*r. What is c(r)?
11
Let k = -15 - -6. Let a(o) = 4*o**2 + 5*o - 3. Let n(r) be the first derivative of 8*r**3/3 + 11*r**2/2 - 7*r - 1. Let y(x) = k*a(x) + 4*n(x). Determine y(-1).
-4
Suppose -5*b - i + 4*i = -12, 0 = i - 1. Let q(l) = l**2 - 2*l + 2*l - 5*l**b - 1 - l. Suppose -4 = 3*s + s. Calculate q(s).
6
Let j = -9 - -12. Let g(f) = j + 0 - 4 + 0*f + f. Determine g(-4).
-5
Let v(b) = b**2 - 5*b + 4. Suppose h = 3*h. Suppose h*a = 4*a - 8. Let n be (2/(-6))/(a/(-18)). Give v(n).
-2
Let t(s) be the second derivative of s**5/20 - 5*s**4/6 + 13*s**2/2 - 2*s. Let d be t(10). Let b(r) = 10 - d + r + 0*r. Give b(-3).
-6
Let f(y) be the first derivative of -y - 1/2*y**2 - 1/2*y**4 - 1/20*y**5 - 5/6*y**3 - 2. Let j(t) be the first derivative of f(t). What is j(-5)?
-1
Let w be ((-84)/(-20) - 4)*(-5)/(-24). Let q(i) be the third derivative of -w*i**4 + i**2 + 0 - 1/2*i**3 + 0*i. Calculate q(3).
-6
Let u(k) = k**2 - 32*k - 1. Let z be u(32). Let g(y) be the second derivative of -y**3/6 + y. What is g(z)?
1
Let q be 4 + 0 + (-3)/3. Suppose 0 = 5*k + q*f + 3, -3*f = 2*k - 6*f - 3. Suppose k = -v + 3*v - 2. Let t(c) = c**2 - c. Calculate t(v).
0
Suppose -8 + 0 = -4*a. Let m(b) = -5*b + 3. Determine m(a).
-7
Let g be 1/(2 + (-26)/12). Let n(j) = j**3 + 6*j**2 - j + 1. Let o be n(g). Let b(t) = -t**2 - 5 - 1 + 3*t + o. What is b(4)?
-3
Let y(z) = 2*z - 4. Let c be y(4). Suppose c*p + 2 = 5*m - 2, m - 2*p = -4. Let r(b) = b**2 - 3*b - 4. Determine r(m).
0
Let r(b) = -b**2 + 4*b - 4. Let c be r(4). Let k = -2 - c. Let q(s) = 2*s**2 - 3 - 3*s**2 + 2*s + k*s**2. Give q(-4).
5
Let a = 1 - 4. Let v(d) = d**3 + 4*d**2 + 5*d + 2. Calculate v(a).
-4
Let a(i) = 1. Let f(g) = -3*g + 17. Let j(k) = -k + 8. Let c(u) = 2*f(u) - 5*j(u). Let t(b) = -6*a(b) + c(b). Calculate t(-8).
-4
Let c(w) = -w**2 + 2*w + 1. Let d(r) = r**3 - 7*r**2 + 5*r + 8. Let u be d(6). What is c(u)?
1
Suppose 10 = -3*j + 5*j. Let n be 4/6 - (-4)/(-6). Suppose n = -0*u - j*u - 4*f + 45, 0 = u - f. Let z(m) = -m**2 + 5*m + 2. What is z(u)?
2
Let a(m) = 3*m. Let d = 4 + -10. Let k(z) = -4*z - 7. Let u be k(d). Suppose -5*n + u - 2 = 0. Determine a(n).
9
Suppose -x - 9 = -14. Let q(b) = -2*b + 2. Calculate q(x).
-8
Let o(r) be the first derivative of -r**4/6 + r**3/6 - r**2 + 4. Let y(s) be the second derivative of o(s). What is y(2)?
-7
Let f(k) = k - 1. Let s(c) = c**2 - 13*c + 4. Suppose 4*l - 20 = 32. Let h be s(l). Suppose 2*x + 3*x = -4*r - 5, 0 = -h*r - 3*x - 11. What is f(r)?
-6
Suppose 2*c = -5*o + c, 4*o = 3*c + 19. Let h(t) = 5*t**2 - 3 + t**3 - o + 2*t - 1. Let v(l) = 3*l + 2. Let b be v(-2). Determine h(b).
3
Let o(t) = 8*t**3 - t**2 - t + 1. Let g(u) = u. Let z = 2 - -1. Suppose z*k - 6 = -3. Let w be g(k). Give o(w).
7
Let i(d) = -d - 7. Suppose -3*f + 5*r = -f + 26, -30 = 4*f + r. Let w be i(f). Suppose 5*m = -6 + w. Let u(o) = -2*o**2. What is u(m)?
-2
Let q(z) = -5*z**2 - 4 + 0*z - 9*z - 3*z**3 + 4*z**3 + 9. Calculate q(6).
-13
Let j(c) = 15*c**2. Let p = 20 + -21. Determine j(p).
15
Let r(p) = p**3 - 3*p**2 + p + 3. Let g be (-20)/(-5) + -6 - -5. Give r(g).
6
Let s(m) = -m**2 + 5. Let b be s(0). Let d(a) = -a**2 + 7*a - 1. Calculate d(b).
9
Let h(r) = -2*r**3 + 22*r**2 - 35*r - 7. Let a be h(9). Let l(n) = -1 - 7*n + 5*n**2 + 4 + 3*n. Give l(a).
15
Suppose -5*o - 4*x - 17 = -0*x, -5*x + 30 = -4*o. Let m(f) = f**2 + f - 7. What is m(o)?
13
Suppose 0 = -3*q + 5*x + 8 - 0, 2*x + 8 = 2*q. Let n(i) = i**3 - 6*i**2 - 2*i + 2. Determine n(q).
-10
Let c be 3 + 0/2 + -1. Suppose -32 = 5*w - c. Let x(i) = -i**2 - 5*i + 7. Give x(w).
1
Let b = 12 + -17. Let t = b - 0. Let j(y) = -y - 2. Let o(f) = -1. Let m(r) = -j(r) - o(r). Calculate m(t).
-2
Suppose -16 = 4*i, 3*a = -3*i - 27 - 6. Let x(j) = j**2 + 9*j + 9. Calculate x(a).
-5
Let i(a) = 5 - 4 - 3 - a + 3. Give i(2).
-1
Let u(o) be the second derivative of o**3/6 + 23*o. What is u(3)?
3
Let a(r) = r**2 - 8*r + 3. Let t be a(8). Let s(w) = 2*w**2 + 13 - 6*w - 7 - t. Determine s(4).
11
Let z be -1*4*(-2 - (3 - 4)). Let b(o) = o**3 - 4*o**2 - 2*o + 1. Calculate b(z).
-7
Let w(h) = -3*h**3 - 4*h**2 + h - 1 + 2*h**3 + 6 + 0*h. Let f be 12/(-18) - (-8)/3. Suppose 4*o + 14 = -f. Determine w(o).
1
Let m(t) = t**3 + t**2 + 1. Let l(s) = 4*s**3 - 9*s**2 - 1. Let w(i) = -l(i) + 3*m(i). Determine w(12).
4
Let f(c) = c**2 - 6*c + 5. Let s(z) = -z**2 + 7*z - 5. Let j(g) = -3*f(g) - 2*s(g). Suppose 9*y + 2*r - 30 = 4*y, 5*r = y + 21. Determine j(y).
-5
Let r = -37 - -32. Let j(u) = 2*u**2 + 8*u + 7. Calculate j(r).
17
Let a(i) = -i**3 - 2*i**2 - i + 1. Let v = 0 - 2. Let g be a(v). Let h(n) = -n - 1. Determine h(g).
-4
Let a(k) = -k + 7. Let p(j) = 4*j - 7 - 2*j - j. Let f(v) = 4*a(v) + 3*p(v). Let n be f(5). Let b(w) = w**2 + w + 1. Calculate b(n).
7
Let p be (-1)/(-2)*0/2. Let j(x) be the third derivative of x**5/60 + x**4/24 - 11*x**3/6 + 24*x**2. Give j(p).
-11
Let j(w) be the second derivative of -w**3/2 - 3*w**2/2 - 4*w - 6. Let y be 3 + -1 - (1 + 6). Let m be 24/(-10) + (-2)/y. Determine j(m).
3
Let v(w) = 3*w**2 - 1 - 51*w + 27*w + 21*w. Let y(n) = -8*n**2 + 8*n + 3. Let m(t) = 11*v(t) + 4*y(t). Calculate m(1).
1
Let r(q) = -1 - q**2 - 14*q - 2 + 7*q. Let g be r(-7). Let l(k) = k**3 + 4*k**2 + 2*k - 4. Give l(g).
-1
Let t(l) = l**2 - 6*l - 8. Suppose 9*h - 14*h - 250 = 0. Let n be (30/h)/(1/(-10)). What is t(n)?
-8
Let o(q) = -q**2 - 3*q + 5. Let f(b) = b**2 - 7*b + 8. Suppose 0 = v - 0*v - 6. Let x be f(v). Suppose 4*k + 0 = -4*l - 16, x*l = -5*k - 8. Determine o(l).
1
Let m(n) = n**3 - 4*n**2 - 2*n - 6. Let x(z) = 3*z - 2. Let b be x(2). Let w = 9 - b. Give m(w).
9
Suppose -j + 15 = -6*j. Let p(x) = -4*x - 4. Give p(j).
8
Let u(b) be the first derivative of b**2/2 + 11*b - 9. Give u(-6).
5
Let r(z) = -4*z**3 - z**2 - z - 1. Suppose -2 + 26 = -2*m. Let g be (-2)/m + (-14)/12. Determine r(g).
3
Let d(j) = 109*j + 3 - 4 + 5 - 106*j. What is d(-3)?
-5
Let c(p) = -p - 1. Let r(g) = -g**2 + 3*g + 3. Suppose 3*b = f - 6*f + 7, 0 = -3*b + f - 5. Let z(n) = b*r(n) + 3*c(n). Give z(6).
-6
Let q(r) = -r**3 + 6*r**2 - 6*r + 6. Let x(v) = v**3 - 17*v**2 + 18*v - 27. Let k be x(16). Give q(k).
1
Let i(c) = c**3 + c**2 - c + 4. Let r = 5 - 3. Suppose r*t + t = 0. Calculate i(t).
4
Let m(w) = 4*w**3 + w**2 - 2*w + 2. Let t be m(1). Let p(s) be the second derivative of -1/4*s**t + 1/6*s**4 - 1/6*s**3 + 0 - 2*s + 0*s**2. Calculate p(1).
-4
Let n(p) = p**3 - 5*p**2 + 2*p - 6. Let k be (0 + -30)/(21/(-14)). Suppose -2*w = l - 6*l + 25, k = 4*l + w. Determine n(l).
4
Let l(z) = -2*z**3 - z. Let k(f) = f**3 + 1. Let o be k(0). Let v be l(o). Let g(x) = x + 5. Let y(w) = -2*w - 6. Let r(a) = -5*g(a) - 4*y(a). Calculate r(v).
-10
Let u(d) = d**3 - d**2. Let n(v) = -4*v**3 - v**2 + 4*v - 1. Let w(z) = -n(z) - 3*u(z). Let k = 1 + 4. Let s = k + -10. Calculate w(s).
-4
Let i(a) = -3*a**2 + 8*a + 3. Let y(k) = -5*k**2 + 16*k + 7. Let m(f) = 7*i(f) - 4*y(f). Let j(q) = -2*q + 11. Let h be j(9). Calculate m(h).
0
Let a be ((-35)/7)/(1 + 0). Let v(r) be the second derivative of r**4/12 + 2*r**3/3 - 3*r**2 - r. Give v(a).
-1
Suppose 5*z = -2*b + 9, -z - 3 = 5*b + 9. Let l(n) = 4*n + 1. Calculate l(b).
-11
Suppose -8 - 7 = 4*n - 5*s, 3*s = -3. Let b(w) = -w**2 - 6*w + 4. What is b(n)?
9
Let i(t) = -t + 4. Suppose 15 = 4*d + 3. Give i(d).
1
Suppose 80 = -5*n + 100. Let m(x) = -7*x**2 + 7*x - 10. Let u(a) = -3*a**2 + 4*a - 5. Let j(r) = 2*m(r) - 5*u(r). Give j(n).
-3
Let f(z) = -10 - 1 - z + 4 + 2*z. Give f(5).
-2
Let j(o) = 3 + 0*